e y(11). Suppose 14 = a + u, d = 4*a - a + u - 52. What are the prime factors of a?
19
Let d = 1677 + -1035. List the prime factors of d.
2, 3, 107
Let h = 109 + -58. Suppose -2*m + 295 - h = 0. What are the prime factors of m?
2, 61
Let i be (64/3)/(6/9). Suppose -i = -s + j, -j + 5*j - 75 = -3*s. List the prime factors of s.
29
Let m = -18 - -21. Suppose 4*v = -3*t + 200, 5*t + m*v = v + 310. List the prime factors of t.
2, 3, 5
Let z be -18 + (-3)/(2 - -1). Let n = z + 20. Let h(y) = 34*y**2 + 2*y - 1. What are the prime factors of h(n)?
5, 7
Let k = -1524 + 2646. List the prime factors of k.
2, 3, 11, 17
Suppose -t = -6*t - 25, 5*x + 4*t - 40 = 0. Let r = x - 8. Let k(d) = 15*d - 9. What are the prime factors of k(r)?
3, 17
Let j = -35 - -23. Let m be (-4)/j - 16/(-6). Suppose -m*k + 32 = b - 3*b, 5*k - 47 = -3*b. What are the prime factors of k?
2, 5
Suppose 4*l - 2*o - 2*o + 24 = 0, 60 = -4*l - 5*o. List the prime factors of ((8/l)/2)/(1/(-485)).
2, 97
Let i(l) be the third derivative of l**5/60 + l**4/8 - 2*l**3/3 + 19*l**2. What are the prime factors of i(8)?
2, 3, 7
Suppose 11*h + 1707 = 10782. What are the prime factors of h?
3, 5, 11
Let y(k) = 5*k. Let i(d) = -6*d + 1. Let j(f) = 3*i(f) + 4*y(f). Let z be j(3). Suppose 13*o = z*o + 56. What are the prime factors of o?
2, 7
Let j(c) = c. Let m be j(-3). Let d(f) = -f**2 - 3*f + 2. Let y be d(m). Suppose 6 = -y*q + 22. List the prime factors of q.
2
Let p(b) = b**2 - 11*b - 8. Let q be p(12). Let a be (8/(-12))/(q/(-216)). List the prime factors of a/(-1)*-1 + 3.
3, 13
What are the prime factors of 81/18*(-4840)/(-12)?
3, 5, 11
Let o(i) = -i**3 - 9*i**2 - 10*i + 16. Let n be o(-8). Suppose -34*x + n*x = -32. List the prime factors of x.
2
Let r(u) = u**3 + 11*u**2 + 2. Let z be r(-11). Suppose 2*b + 3*l + 27 = 0, 7*b = z*b + l - 93. List the prime factors of ((-114)/b)/(1/3).
19
Let p(g) = -14*g + 3. Let q = -4 + 21. Let z = 16 - q. What are the prime factors of p(z)?
17
Let d(p) = -p**3 + 22*p**2 + 20*p + 79. Let u be d(23). Suppose 7*w - u*w = -588. What are the prime factors of w?
2, 7
Let l = -18 + 24. Suppose l*y + 108 = 9*y. What are the prime factors of y?
2, 3
Let t(d) = -3*d**2 + 21*d - 3. Let z be t(9). List the prime factors of (0 - z) + 2 + 3.
2, 31
Let l(g) = -7*g + 31. Let t(x) = -4*x + 15. Let w(h) = 3*l(h) - 5*t(h). What are the prime factors of w(-6)?
2, 3
Let g(z) = 2*z + 14. Let b be g(-10). List the prime factors of (b/(-9) - 0) + 686/6.
5, 23
Suppose -5*q + 16 = 6. Suppose z + q*s = -43, 114 = -5*z + 2*s - 77. List the prime factors of (-9)/(18/(-4)) - z.
41
Let x(a) = -4 + a**2 + 3*a - 6 + 4. What are the prime factors of x(-8)?
2, 17
Let w be (-72)/3 - 4/4. Let t = -19 - w. Suppose 3*c - 117 = -3*k, t*k + 155 = 5*c + 3*k. List the prime factors of c.
2, 17
Let h(q) = 7*q - q**2 + 2 + 3*q**2 - q**2. Let b be h(-7). Suppose 9 = -3*r, -2*g - b*r = -4*g + 16. What are the prime factors of g?
5
Suppose -3*n = -3*b - b + 79, -2*n = 2*b - 36. Suppose -k + b = 7. Let t = -9 + k. List the prime factors of t.
3
Let n be (-20)/(-10)*(-1)/2. Let l be 50/(-15) + n/(-3). Let f(b) = b**2 - 5*b - 2. What are the prime factors of f(l)?
2, 11
Suppose 0 = -w - 11 - 149. Let f = -112 - w. Suppose 0 = 4*s - s - f. What are the prime factors of s?
2
Suppose -12*u + 7*u = 20. List the prime factors of (-1 - u)/((-36)/(-480)).
2, 5
Suppose -27*i - 4 = -28*i. What are the prime factors of ((-246)/4)/((-3)/i)?
2, 41
Suppose -72 = 59*k - 61*k. List the prime factors of ((-8)/6)/4 + 588/k.
2
Let w = 5118 - 3617. List the prime factors of w.
19, 79
Let p be -3*(46/14 + (-10)/35). What are the prime factors of (216/(-20))/(p/150)?
2, 3, 5
Suppose 0 = 24*f - 6302 + 758. What are the prime factors of f?
3, 7, 11
Suppose 3*l - 6 + 0 = 0. Let n be -5*l*12/(-40). Suppose -21 = -3*h + n*g + 9, -5*h + 80 = g. List the prime factors of h.
3, 5
Suppose 3*p - 2*o - 2384 = 0, 0 = -5*p + 8*o - 3*o + 3965. What are the prime factors of p/36 - (0 - (-3)/18)?
2, 11
Let l = -10 + 6. Let y be (l - 0)/((-6)/(-153)). Let r = -52 - y. List the prime factors of r.
2, 5
Suppose 5*o + 1275 = 2*c, 5*c = -2*o - 2*o + 3237. What are the prime factors of c?
3, 5, 43
Let o be 212/3 + 4/(12 - 0). Let a = o + -43. What are the prime factors of a?
2, 7
Let d(q) = -5*q + 13. Suppose 2*s = s - 23. What are the prime factors of d(s)?
2
Let r(d) be the first derivative of d**4/4 - d**3/3 - d**2 - 2*d - 12. List the prime factors of r(3).
2, 5
Let w be -5 - -1 - (-487 + 0). Suppose 0 = -3*b - 159 + w. What are the prime factors of b?
2, 3
Suppose 4*y - 57 = 1031. Let g = 467 - y. Suppose -7*u + g = -2*u. What are the prime factors of u?
3, 13
Suppose 8*g - 299 = 317. List the prime factors of g.
7, 11
Suppose 2*o - 1330 = z, -3*o - 15*z + 1994 = -16*z. List the prime factors of o.
2, 83
Suppose -8*o + 72579 = 31*o. What are the prime factors of o?
1861
Let h = 129 + -257. Let t be 3/2*h/(-48). Suppose 3*o + 15 = t*o. List the prime factors of o.
3, 5
Let m be 35 + (-10)/(4 + 1). Suppose q - 5 = -0. Suppose q*d = m - 8. List the prime factors of d.
5
Let i(o) = -o**2 - 4*o + 5. Let q be i(-5). Suppose r + q = 3. Suppose 0 = 4*h - r*f + 5*f - 100, -3*h + 66 = -3*f. What are the prime factors of h?
2, 3
Suppose 2*u = -2*u + 3*x + 8198, 0 = -u - x + 2046. List the prime factors of u.
2
Suppose -28*g = -2*g - 19318. What are the prime factors of g?
743
Let c = 7912 + -3310. What are the prime factors of c?
2, 3, 13, 59
Let j(l) = -2*l**2 + 6*l + 3. Let y be j(3). Suppose -6*p + y*p = -144. What are the prime factors of p?
2, 3
Let z = -28 + 32. What are the prime factors of (-6027)/(-84) - (-1)/z?
2, 3
Suppose 0 = -10*p + 1172 + 4948. List the prime factors of p.
2, 3, 17
Let i = 1112 + 234. List the prime factors of i.
2, 673
Let u = 8 - 11. Let z be u/(-1 - 20/(-22)). Suppose -x = -l + z, x = -2*x - 12. What are the prime factors of l?
29
Let t = -24 - -29. Suppose v - 5 = 4*a + 110, 0 = t*v + 4*a - 599. List the prime factors of v.
7, 17
Suppose 101 - 17 = 4*n. Suppose 0 = -3*x + 72 - n. Suppose x*z - 14*z = 99. List the prime factors of z.
3, 11
Let y(u) = 2*u**2 - 14*u - 4. Let v be y(7). Let w(l) = 4*l**2 + 3. What are the prime factors of w(v)?
67
Let z = -72 + 72. Let x(w) = -3*w + 24 - 2*w + 4*w. What are the prime factors of x(z)?
2, 3
Suppose -3738 = 9*z - 12*z. List the prime factors of z.
2, 7, 89
Let i(u) = u**3 - 11*u**2 + 29*u - 19. List the prime factors of i(14).
3, 5, 13
Let y(d) = -767*d**3 - d**2 - 18*d - 17. List the prime factors of y(-1).
13, 59
Let s = -1 - 21. What are the prime factors of (s/33)/(((-24)/1035)/4)?
5, 23
Let n(p) = -p**2 + 6*p + 4. Suppose 3*t = 8*t - 30. Let r be n(t). Suppose 5*g + c + 2*c = 134, -r*g + 104 = 4*c. What are the prime factors of g?
2, 7
Suppose -32*x + 18*x + 6146 = 0. What are the prime factors of x?
439
Suppose 5*n - 871 = 2*f, -164 = -n - 3*f - 0*f. Let k = -103 + n. What are the prime factors of k?
2, 5, 7
Let y = 23 + -20. Let p(n) = 10*n + 2. What are the prime factors of p(y)?
2
Suppose -162 = 3*j - 6*j. Suppose -2*a + 0*w + 57 = -w, -2*w = 2*a - j. Suppose 3*m - a = -m. List the prime factors of m.
7
List the prime factors of 39*19 - 7/(14/8).
11, 67
Let i be -1 - (3 + 30)/(-3). Let u = i - -15. List the prime factors of u.
5
Let a(q) = -14*q - 11. Let n(k) = k - 1. Let o(z) = -a(z) - 3*n(z). Let d(u) = -10*u - 13. Let y(s) = -7*d(s) - 6*o(s). List the prime factors of y(3).
19
Let g = 8 - -2. Let j(k) = 21*k - 39. List the prime factors of j(g).
3, 19
Suppose -3*h - 6 = 5*b - 3*b, -3*h - b - 3 = 0. Suppose -3*q - 32 - 4 = h. What are the prime factors of 12/((-1)/(q/4))?
2, 3
What are the prime factors of (5 + -3 - -35)/1?
37
Suppose 2*x = 2*i + 32, i - 8 = -x - 0*i. What are the prime factors of 1078/6 + (-8)/x?
179
Let f(n) = -2*n**2 - 13*n + 7. Let v be (-20)/15*9/(-4). Suppose -5*o - 64 = -v*l - 22, 5*o + 22 = -2*l. What are the prime factors of f(o)?
13
Suppose 4*g + 24 = 12*g. Suppose -s = -3, -2*y + 36 - 5 = -g*s. What are the prime factors of y?
2, 5
Suppose x + 5*g + 464 = 3*x, -3*x + 5*g = -701. Suppose -23*q + 26*q = x. What are the prime factors of q?
79
Suppose 0*b - 4 = b, -3*z + 220 = -4*b. Let w = 45 - 41. Suppose -w*l = -5*y - 207, 0*l + 2*y 